the highest common divisor of 7923 and 383667.
57
What is the highest common divisor of 732757 and 4531?
23
What is the highest common factor of 27585 and 3091359?
1839
Calculate the greatest common factor of 3281883 and 3366.
33
What is the highest common factor of 2604 and 437052?
84
What is the highest common factor of 2195 and 185855?
5
Calculate the greatest common factor of 1594360 and 18262.
46
What is the highest common factor of 54245 and 563006?
571
What is the greatest common divisor of 448264 and 11782?
274
Calculate the greatest common divisor of 30024 and 718769.
139
What is the greatest common factor of 1404 and 36252?
36
What is the highest common divisor of 87955 and 23905?
35
What is the highest common factor of 94354 and 157781662?
7258
What is the highest common factor of 3977 and 9547031?
97
Calculate the greatest common factor of 5044380 and 3300.
660
What is the greatest common divisor of 628 and 305906179?
157
Calculate the highest common divisor of 176765701 and 58.
29
Calculate the highest common factor of 465792433 and 177.
59
What is the highest common divisor of 229024 and 2044896?
544
What is the highest common divisor of 48 and 10228624?
16
Calculate the greatest common factor of 10693 and 1936173.
37
Calculate the greatest common factor of 509656 and 8204.
28
Calculate the greatest common factor of 17641624 and 819.
91
Calculate the highest common factor of 477 and 3946804.
53
What is the highest common factor of 1613665 and 365?
365
Calculate the highest common divisor of 35594 and 2668588.
962
What is the greatest common factor of 411480 and 16832961?
3429
What is the highest common factor of 43 and 214286931?
43
Calculate the highest common factor of 53713 and 26548871.
4883
What is the highest common factor of 185430512 and 1168?
1168
Calculate the greatest common divisor of 12463 and 385627.
121
What is the highest common divisor of 2542422 and 10931?
643
Calculate the highest common divisor of 901838033 and 1637.
1637
What is the greatest common divisor of 30299 and 213571?
739
What is the greatest common divisor of 45 and 5364315?
45
Calculate the greatest common factor of 256947266 and 129394.
4174
What is the highest common divisor of 641980288 and 16?
16
Calculate the greatest common factor of 5414851 and 1131.
377
Calculate the greatest common divisor of 66353 and 203267676.
9479
Calculate the highest common factor of 13078 and 22782882.
1006
What is the highest common factor of 408560 and 40240?
80
Calculate the greatest common factor of 21909 and 2365569.
201
What is the highest common factor of 9490 and 1303859570?
9490
Calculate the greatest common divisor of 198 and 291423.
33
Calculate the greatest common divisor of 123 and 716229.
123
What is the greatest common divisor of 26306 and 2866514?
14
Calculate the greatest common divisor of 16998 and 385188845.
2833
Calculate the highest common divisor of 4648858 and 35508.
538
What is the greatest common factor of 67689 and 552?
69
Calculate the greatest common divisor of 11448 and 40459140.
1908
What is the highest common factor of 1296 and 20707812?
324
Calculate the highest common divisor of 469 and 1174075.
7
What is the highest common divisor of 16086606 and 195486?
6306
Calculate the greatest common factor of 285 and 1690845.
15
Calculate the highest common divisor of 26 and 428296427.
13
What is the highest common factor of 2210752 and 64?
64
What is the highest common divisor of 19106317 and 17?
17
What is the highest common divisor of 91556350 and 40?
10
Calculate the highest common divisor of 4604097 and 6050468.
11041
What is the highest common factor of 10015818 and 14706?
258
Calculate the greatest common divisor of 754 and 1547936.
26
Calculate the greatest common divisor of 80637253 and 1905.
127
What is the highest common factor of 65370 and 3360810?
30
What is the highest common factor of 263150 and 1058300?
950
Calculate the greatest common factor of 21980 and 21469.
7
What is the greatest common divisor of 1260591 and 10425?
417
What is the greatest common factor of 19292 and 15972292?
1484
What is the highest common divisor of 265 and 44456135?
265
What is the highest common factor of 51609 and 648535897?
17203
What is the greatest common factor of 65 and 1456?
13
What is the highest common divisor of 128223 and 90963?
81
What is the highest common divisor of 397568570 and 1610?
1610
Calculate the highest common divisor of 176606100 and 1800.
900
What is the greatest common factor of 151898 and 2374481?
1433
What is the highest common divisor of 2609 and 9254123?
2609
Calculate the highest common divisor of 10959740 and 75020.
6820
What is the highest common divisor of 3864 and 1426718244?
1932
Calculate the greatest common divisor of 2685151 and 588.
49
What is the greatest common divisor of 20411448 and 2285?
457
Calculate the highest common divisor of 846 and 2023256.
94
Calculate the greatest common divisor of 17555290 and 65845.
5065
Calculate the greatest common divisor of 66 and 22613217.
33
Calculate the highest common factor of 266455 and 313145.
805
What is the greatest common factor of 136505390 and 3854?
94
Calculate the highest common divisor of 2528 and 356527.
79
Calculate the greatest common factor of 206706 and 45259818.
4398
Calculate the greatest common divisor of 247137 and 5269.
11
What is the highest common factor of 3465498 and 39057?
141
What is the highest common factor of 6893602 and 340?
34
Calculate the greatest common factor of 81575 and 794950.
325
What is the greatest common factor of 1584 and 21754161?
99
Calculate the greatest common factor of 6652485 and 7245.
315
Calculate the greatest common factor of 47806 and 40227.
583
Calculate the highest common factor of 341573 and 2.
1
Calculate the highest common factor of 178332 and 3500112.
924
What is the greatest common divisor of 15843009 and 39427?
443
What is the greatest common divisor of 999156 and 6708?
12
Calculate the greatest common divisor of 105 and 731562125.
35
Calculate the greatest common divisor of 3597 and 563893.
11
Calculate the highest common divisor of 116 and 891692.
116
What is the highest common factor of 537699063 and 66?
33
Calculate the greatest common factor of 1300 and 17486300.
1300
What is the greatest common divisor of 95013 and 1978749?
4131
Calculate the greatest common factor of 20518009 and 129.
43
What is the highest common factor of 1820 and 351348543?
91
What is the greatest common divisor of 2187709 and 238431?
4183
What is the highest common factor of 7584472 and 7?
7
What is the greatest common divisor of 708 and 6438792?
12
Calculate the highest common factor of 401066 and 124741.
1579
Calculate the highest common factor of 12958 and 93214.
418
Calculate the greatest common divisor of 8 and 10515634.
2
Calculate the highest common factor of 3697969 and 121.
11
What is the greatest common divisor of 111265 and 686630?
595
What is the greatest common factor of 30250 and 497950?
50
What is the greatest common divisor of 273905 and 2059?
29
Calculate the highest common divisor of 47061 and 1388009.
581
Calculate the greatest common divisor of 63720 and 11173680.
1080
Calculate the highest common factor of 172422 and 5952.
186
What is the highest common factor of 3494960 and 210?
70
What is the greatest common factor of 2255428798 and 2238?
746
What is the highest common divisor of 90929277 and 493?
17
What is the greatest common divisor of 17360 and 108156520?
1240
What is the greatest common factor of 760 and 14647480?
760
What is the greatest common divisor of 667844 and 64476?
796
Calculate the greatest common factor of 216 and 45335835.
27
What is the greatest common factor of 7206 and 307620537?
3603
Calculate the greatest common factor of 5034584 and 80376.
136
What is the greatest common factor of 175 and 271602925?
25
What is the greatest common divisor of 97669 and 167750947?
8879
What is the greatest common factor of 1048751 and 1091441?
1423
Calculate the greatest common divisor of 136012608 and 1152.
576
What is the greatest common factor of 636846 and 4656162?
2478
Calculate the highest common factor of 111 and 11658071.
37
Calculate the greatest common factor of 2 and 3264398.
2
What is the h